e number?
False
Is 25428 + ((-2)/(-4))/(59/(-118)) prime?
False
Is -2 - -29945 - (2 + -6) a prime number?
True
Suppose -3*b = -4*d + 55015, 36*b - 40*b = 5*d - 68761. Is d a prime number?
False
Is (-6)/8 + 121857/12 composite?
True
Let y be 1702/8 + (-39)/(-12) + -4. Suppose -w = -3*x - 425, 2*w - 654 = 2*x + y. Is w a prime number?
False
Suppose -d = -6*d + 175. Let n = 258 + d. Is n a prime number?
True
Is (5 - 8)*(-8402)/6 composite?
False
Let b(p) = -2*p + 1. Let l be b(1). Let r = 4 + l. Let h = 20 + r. Is h composite?
False
Let t(j) be the first derivative of -29/2*j**2 - 2*j - 1. Is t(-9) a prime number?
False
Suppose 6082 = 398*h - 396*h. Is h composite?
False
Let i(n) = -2259*n - 79. Is i(-2) prime?
False
Let y(m) = -3*m**3 - 33*m**2 - 65*m - 26. Is y(-20) a prime number?
False
Suppose 4*c = 30 - 26. Is c*(-2)/((-2)/691) prime?
True
Let l = 18 + -293. Let u = l - -402. Is u a prime number?
True
Let c(h) = 13 + 3*h + 1 + 3 + 8*h. Let g be c(7). Is 22/(-55) + g/10 prime?
False
Let c(q) = q + 3. Let w be (-2)/4 + 5/2. Let o be c(w). Suppose 1678 = 3*t - r, 4*t - 448 - 1783 = -o*r. Is t a prime number?
False
Suppose 111 = -2*g + 19. Let j = 92 + g. Is (-3 - 0 - -6) + j composite?
True
Suppose 291171 - 1466261 = -70*a. Is a a prime number?
True
Let a(c) = -5*c**3 - 2*c**2 - c. Let r = -7 + 6. Let m be a(r). Is (-3)/(m + -10)*46 composite?
False
Let p = 27801 - 16954. Is p a prime number?
True
Is 257*(-4)/(-24)*-3*-2 a prime number?
True
Suppose -15 = v - 14. Let d be (v - 2 - -4)*0. Suppose 0 = q - d*q - 67. Is q a composite number?
False
Let s = -5780 - -8739. Is s prime?
False
Let l(p) = -32*p**3 - 15*p**2 - 5*p + 76. Let d(r) = 11*r**3 + 5*r**2 + 2*r - 25. Let f(n) = -7*d(n) - 2*l(n). Is f(-7) a composite number?
True
Suppose -2*v = -2*r + 1 - 3, -5*v = -3*r - 13. Let x(c) = 3*c**3 - 7*c**2 - c - 4. Is x(v) a prime number?
True
Let h(v) = 3*v**2 + 6*v + 4. Let q(b) = -b**2 - 6*b. Let i be q(-6). Suppose i = -5*o - 36 + 11. Is h(o) a composite number?
True
Let w = -35 - -88. Is w a composite number?
False
Suppose -5*s + 504 = -2*q, -5*s + 420 = -s + 4*q. Let v be (2 - 2) + s + 2. Is v/2 - (5 - 8) composite?
True
Let n = 722 - 306. Let a = 375 + n. Is a composite?
True
Let p(c) = c**3 + c**2 - 4*c. Let y be p(-6). Let h = y + 301. Is h composite?
True
Let w = -11557 - -27738. Is w prime?
False
Let a be -2*(-2)/8*6. Suppose 5*q - 16 = -a*q. Suppose -51 = -q*s + 457. Is s a prime number?
False
Let k(a) = -641*a**3 + a**2 + a - 1. Let w be k(1). Let l = w + 1148. Suppose 21*d - l = 17*d. Is d a prime number?
True
Let q(f) = 3389*f**2 + 6*f - 1. Is q(2) composite?
False
Suppose -9*n = -14*n + 86435. Is n composite?
True
Suppose -10*l + 13987 = -32683. Is l a prime number?
False
Suppose 72*u = 69*u - 63. Let r(d) = -52*d + 17. Is r(u) prime?
True
Is (21/84)/(-1 + 186420/186416) a composite number?
True
Suppose q + 3*b - 861 = 588, 4*q - 2*b - 5866 = 0. Suppose 0 = 5*l + 189 - q. Suppose -6*j + l = -3*j. Is j a prime number?
False
Let o(q) be the third derivative of q**6/120 - 7*q**5/30 + q**4/4 - 7*q**3/6 + 4*q**2. Suppose 3*k + 2*j - 16 - 22 = 0, 60 = 4*k - 2*j. Is o(k) composite?
True
Let k be (-2)/(-12) + 822/36. Suppose -k*p + 47404 = -9*p. Is p a prime number?
False
Let c(r) = -32*r + 13. Suppose 4*p + 15 = 3*p + 4*o, -18 = p - 5*o. Let i be (-5 - p)*3*1. Is c(i) composite?
True
Let d(s) = -629*s + 4. Let f be d(-8). Suppose 5*r - f = r. Is r a composite number?
False
Suppose 5*m + 4*p = 3*p + 4095, -4*p - 840 = -m. Suppose -5*a = -4*q - m, q - 440 = 3*q + 5*a. Let l = -127 - q. Is l a composite number?
False
Let m(i) = i**2 + 5*i - 2. Let x be m(-6). Suppose -x*o + 1752 = 5*q, 0*o + 3*q + 2227 = 5*o. Is o prime?
True
Let t = -2 + -79. Is -1 - t - ((-2)/1)/(-2) prime?
True
Suppose 0 = -5*q - 20, -2 = -2*u - q. Suppose 22 = o - 4*f, u*o - 4*o + 17 = -3*f. Suppose 47 = -o*z + 153. Is z prime?
True
Let m be (-23)/(-5) + (-2)/(-5). Suppose -16 + 1 = -m*t. Is -1 + 44 + t - -3 composite?
True
Suppose -3*d = -8*d + 10. Suppose d*j + 378 = 5*n, -n + 374 = 4*n - j. Suppose -b = -5*p + 3544, 2*p + b + n - 1493 = 0. Is p prime?
True
Let j = 25049 + 15450. Is j composite?
False
Suppose 0 = -3*n - n + 12. Suppose -7*y = -n*y - 492. Is y a prime number?
False
Let i be (1/2)/(35/(-10) + 4). Is 977 - (1 - i)*2/(-4) a prime number?
True
Suppose 4*c - 2 = 78. Is c/8*(0 + 118) a composite number?
True
Let k(d) = -d**3 - 32*d**2 - 72*d + 9. Let w be k(-29). Suppose 5*a = 0, -2913 = -3*n + 6*n - 5*a. Let u = w - n. Is u prime?
False
Let u = 35 + -24. Suppose -16 = u*a - 15*a. Suppose -a*t + 1885 = -3*j, -t + 463 = -0*t + 2*j. Is t prime?
False
Let b = 32 + -27. Is 5/(-25) - (-386)/b a prime number?
False
Suppose -5*r = -7713 - 17047. Is (r - -3)/5 + 4 a composite number?
True
Suppose -6*v + 4*v = 5*o - 1237, -2*v + 990 = 4*o. Let c = o - 763. Is (-8)/12*c - -3 a composite number?
False
Let r(f) = -51*f**3 - f**2 - f + 1. Let v be r(1). Let q be 2/(-13) - 20964/v. Suppose -3*x = -5*j - 983, x + j = -70 + q. Is x composite?
False
Let p = 121 - 119. Suppose -5*w = 4*g - 425, p*w - 5*g = 238 - 68. Is w a prime number?
False
Let r(a) = 33*a**2 - 15*a - 5. Is r(5) composite?
True
Suppose 4*n - 5*n - 4 = -i, -5*n - 5 = -2*i. Suppose -3*k - 2*h + 7*h = -185, -i*h = -25. Suppose -3*v + 29 = -q + k, 2*v = -q + 16. Is q prime?
False
Let m(h) = 5*h - 28. Let l be m(7). Suppose -21*w + l*w + 5698 = 0. Is w a composite number?
True
Let r(d) be the third derivative of -9*d**4/8 + 7*d**3/6 + 6*d**2. Let y be r(-3). Let p = y - 54. Is p a composite number?
True
Is ((-3687)/1)/(18 + -21) a composite number?
False
Suppose -g + 5*b + 11 = 0, -g + 0 = b - 5. Suppose j = g*j - 20. Is 2*(622/j + -3) a prime number?
False
Suppose 129314 = 3*j + 14150. Is ((-1)/3)/((-4)/j) a composite number?
True
Let s be 1*3*8/3. Let q be ((-3)/(-6))/(2/s). Suppose 0 = q*g + 2*h - 74, -2*g + 4*h + 111 = g. Is g a prime number?
True
Let o(h) be the second derivative of h**5/4 - h**4/4 + 2*h**3/3 - 3*h**2/2 - 56*h. Let n = 4 + -2. Is o(n) a prime number?
False
Suppose -5*j - 2*m + 9 = -0*m, 4*j - 24 = 4*m. Suppose -j*b + 3*h = -906, 2*b = 5*h + 368 + 227. Is b prime?
False
Suppose 3*s - 17 = b, s + 4*s - 2*b = 30. Suppose -u + s*w = -71 - 162, 0 = -4*w. Is u a prime number?
True
Let t = 25 - 20. Is -2*t/((-20)/142) a composite number?
False
Let k be (-972)/27*(-842)/6*2. Is (0 - -1)/(k/(-2022) + 5) composite?
False
Suppose -2*x + 2*s = -4, -5*s = -3*s - 2. Let f(d) = -d - 5. Let j be f(-4). Is x*4*j/(-6) a composite number?
False
Suppose -222283 - 640858 = -17*t. Is t a prime number?
True
Let h(r) = -4*r - 6. Let o be 47/(-9) + 14/63. Is h(o) prime?
False
Let j(r) = -4*r - 1 + 5*r - 3*r**2 + 2*r**3 + 3. Let m be j(3). Suppose 3*f - 349 = m. Is f a composite number?
False
Suppose 5*t = -j + 1909, 5950 = 4*j + 5*t - 1641. Is j composite?
True
Let j be (-20)/(-6)*30/(-25). Is (-22460)/(-16) + 1 + (-1)/j prime?
False
Let x = 99 + -100. Is 0 - x/5 - 45084/(-130) prime?
True
Suppose -c = -5*c + 12. Suppose -h = c*h. Suppose -3*m + 21 = -h*m. Is m prime?
True
Is (8 - 9)*-5 + 3222 composite?
True
Let v be (-100)/(-36) + (-2)/(-9). Suppose 81 = v*c - 900. Suppose 2*g = c - 83. Is g composite?
True
Let n be 2 + (92*4)/(-2). Let r = -48 - n. Is r a prime number?
False
Let c be 2/14 + (-18)/126. Let j(x) = 12*x - 5. Let k be j(6). Suppose c = q - 418 - k. Is q prime?
False
Suppose 2*n + 3*n - 7*n = 0. Suppose n = -o + 4, 0 = -3*s + o - 243 + 1010. Is s a composite number?
False
Let n = -416 + 1029. Is n a composite number?
False
Suppose 0 = 2*o - 4*t + 2086, -4*o + t - 2*t - 4145 = 0. Let p = -286 - o. Is p prime?
True
Let n(p) = 939*p**2 - 6*p + 4. Is n(-3) a composite number?
True
Suppose n + 4*n - 4*l - 158 = 0, 5*l = -3*n + 80. Suppose 7*d - n = d. Suppose -w + d*w = 1004. Is w composite?
False
Suppose b + 4*m = 8, 5*b - 3*m + 56 + 19 = 0. Let t = b + 6. Let k(p) = p**2 - 10*p - 9. Is k(t) a composite number?
True
Let j(u) be the second derivative of u**4 - 4*u**3/3 + 7*u**2/2 - 2*u - 40. Let c = 6 + 0. Is j(c) a prime number?
False
Suppose -3*i - 5*w = -0*w - 7373, 2*w = -3*i + 7388. Suppose -9846 = -4*y + 4*t - 6*t, -y = -t - i. Is y composite?
True
Let u be 4/(-6) + (-16)/(-6). Let z = 2293 - 2288. S